mmon divisor of q and 21.
3
Let i(g) = -143*g**3 - g - 1. Let v be i(-1). What is the greatest common divisor of 13 and v?
13
Suppose -11 = -3*c - 0*t - t, -2*c - 3*t = 2. Suppose 4*f + 9 = -m, -f - 7 = -c*m + 11. What is the highest common factor of m and 6?
3
Let k be 2/(-10)*-263 - 60/(-150). What is the greatest common divisor of k and 424?
53
Suppose 0 = -5*q - 2 + 12. Suppose -2*c = -3*g + 37, -q*g + 3*c + 48 = 2*g. What is the greatest common factor of g and 60?
15
Let r be 2 - (66 - 4)/(-1). Let q = -1 - -9. Calculate the highest common factor of r and q.
8
Suppose -6*m + 82 = 22. What is the highest common factor of m and 2?
2
Suppose 4*m = -0*m + 312. What is the greatest common divisor of 52 and m?
26
Suppose -3*f - 6 = -6*f. Suppose -5 = -f*o - 3. What is the highest common divisor of 8 and o?
1
Suppose 2*j + 100 = -3*j. Let a = -9 - j. Calculate the highest common factor of a and 88.
11
Suppose -4*g = 4, k = 2*k + 4*g - 1. Suppose -3*x - 7 + 25 = 3*c, -4*x - 46 = -3*c. Calculate the highest common factor of k and c.
5
Let f be 3/(-2)*20/(-6). Suppose -2*v - 12 = -f*b, -2*b - 6*v - 1 = -v. Let u be 10 - (0 - (b - 2)). What is the highest common divisor of 4 and u?
2
Let o be 80/(1*(-4)/(4*-1)). Calculate the highest common divisor of o and 40.
40
Let z = 7 - 4. Suppose -19 = -z*t + 4*x - 1, -14 = -4*t + 2*x. Suppose -10 = -t*h + 34. What is the highest common factor of h and 55?
11
Suppose -4*i - i = -45. What is the greatest common divisor of 63 and i?
9
Let f(m) = 2*m**2 - 2*m + 2. Let n be f(5). Let p = -70 + n. Let g be 80/p*(-7)/2. What is the greatest common factor of 2 and g?
2
Let a = 74 - 29. Suppose 4*i - 90 = -3*o, 80 + 20 = 4*i - 2*o. Let w = a - i. Calculate the greatest common divisor of w and 7.
7
Suppose -3*l + 42 = -2*m, -10*l = -6*l + 4*m - 36. What is the greatest common divisor of 42 and l?
6
Let w be 1/(-2)*(1 - 5). Let x be w - 2/(1 + -3). Suppose -5*n + 372 = -2*r, 4*n - r = -x*r + 312. What is the greatest common divisor of n and 19?
19
Suppose -3*z + 18 = 5*j, 6*j = 2*j + 12. What is the greatest common divisor of 4 and z?
1
Let o be (-1 + -5)/((-1)/1). Calculate the highest common factor of o and 30.
6
Let s be (-3 - 0)/((-9)/84). What is the highest common divisor of s and 7?
7
Let u(t) = t**2 + 11*t - 7. Let i be u(-11). Let y(q) = q**2 - q - 6. Let k be y(i). Calculate the greatest common divisor of 10 and k.
10
Let n(z) = 0 - 2 + 2*z + 14*z**2 + 0*z + 0*z. Let q be n(-2). What is the greatest common factor of q and 20?
10
Let q(y) = -10*y + 20. Let h be q(-7). Calculate the greatest common factor of 10 and h.
10
Let u be 2/11 + 36/44. Suppose 2*b - u - 9 = 0. Let y = 18 - b. What is the greatest common factor of y and 117?
13
Suppose -4 + 10 = z. Let d(j) = 9*j + 3. Let a be d(7). What is the greatest common divisor of z and a?
6
Suppose -6*k = -2*k + 4*m + 40, k + 8 = m. Let l(o) = -o**3 - 9*o**2 - 3*o - 13. Let j be l(k). Calculate the greatest common divisor of 14 and j.
14
Let s(b) = b**2 + 1. Let a be s(-2). Suppose 0 = 3*f + 4*x - 208, 5*x + 103 = a*f - 267. Calculate the greatest common factor of f and 8.
8
Let b(f) = 5*f - 37. Let x be b(9). Calculate the highest common divisor of 4 and x.
4
Let v be (-3076)/(-6) - 14/21. Let c be v/6 + (-2)/6. Calculate the greatest common factor of c and 17.
17
Let f = -93 - -240. What is the greatest common divisor of f and 21?
21
Suppose 4*g - 242 = -5*a, -2*g + 2*a - 16 + 128 = 0. What is the highest common divisor of 145 and g?
29
Suppose -3*z = z - 160. What is the greatest common divisor of 5 and z?
5
Let g = 77 - -34. Suppose -j + g = 2*j. Let x = j + -20. What is the greatest common factor of 51 and x?
17
Let p be 2334/9 + 1/(-3). What is the highest common divisor of 37 and p?
37
Let a(r) = -r. Let b(z) = z**2 - 1 - 5 + 0. Let w be b(0). Let v be a(w). What is the highest common divisor of 42 and v?
6
Suppose -2*k + 12 = 2. Suppose -k*z = -p - 0*p - 7, -4*z = 4*p - 20. Suppose -p*x + 1 = -38. What is the greatest common divisor of 26 and x?
13
Let f(a) = a**3 + 5*a**2 + 5*a + 5. Let c be f(-3). Calculate the greatest common divisor of 88 and c.
8
Let c be (72/(-10))/(2/(-10)) + 0. What is the greatest common divisor of c and 6?
6
Suppose 4*n = -2*z + 54, -3*n + 0*n = z - 41. Calculate the highest common divisor of n and 21.
7
Suppose 22 = -2*j + 4. Let h be (j/(-6) + -3)*-8. Calculate the highest common factor of h and 6.
6
Let u = 88 + -56. What is the highest common factor of 16 and u?
16
Suppose -63 = -7*u + 4*u. Let a = 12 + -21. Let s be (-1)/((-6)/(-2))*a. Calculate the greatest common divisor of u and s.
3
Suppose 5*g - 14 = 1. Let h(m) = m**3 - m + 3. Let n be h(0). What is the greatest common divisor of g and n?
3
Let q(p) = -11*p - 3. Let v(j) = -j - 1. Let l(b) = q(b) - 4*v(b). Let y be l(-2). Let o be 45/6*12/y. What is the highest common factor of o and 48?
6
Suppose 5*t - 64 = 4*u, -2*u + 1 = -3*u. What is the greatest common factor of t and 108?
12
Let y be 9/(-6)*(-1 + -1). What is the highest common factor of 9 and y?
3
Let b(w) = w**2 + w - 1. Let z(n) = 6*n**2 - 2*n + 6. Let l(u) = -2*b(u) + z(u). Let c be l(-6). What is the highest common divisor of 16 and c?
16
Suppose -4*m - 4*f + 3 = f, 5*m - 5*f = 15. Let x be (-1)/m - (-17)/2. Suppose 0 = 59*s - 17*s - 84. Calculate the greatest common factor of x and s.
2
Suppose 0 = -v + h + 4, -2*v - 2*v = -h - 16. Let c(t) = t**3 - 3*t**2 - 4*t - 5. Let y be c(v). Let w = -2 - y. Calculate the highest common factor of 9 and w.
3
Let u(b) = b - 8. Let w be u(6). Let a be 4*w/(-4) + 1. What is the highest common divisor of a and 15?
3
Let z = 19 + -15. Let n(b) = b**3 - 4*b**2 + 2*b. Let k be n(z). What is the highest common factor of 32 and k?
8
Let l = 11 - 6. Let s = l + -3. Suppose s*o - 73 = o - 2*q, q = -2. What is the greatest common factor of 7 and o?
7
Suppose 48 = -o + 5*o. Let m(i) = -i**2 + i + 120. Let n be (-6)/(-10) + (-12)/20. Let d be m(n). What is the greatest common factor of d and o?
12
Let k be 1/(-2) + 302/4. Let f = 0 + 2. Suppose f*j = -2*h - j + 15, -h + 2*j + 25 = 0. What is the greatest common factor of k and h?
15
Suppose 4*r = -5*x + x - 32, -2*r = -3*x + 21. Let y = 17 + r. Calculate the highest common divisor of y and 32.
8
Suppose 3*b - 15 = -3*x - 0*b, 2 = 4*x - 5*b. Suppose -5 = x*r - 35. What is the highest common factor of 10 and r?
10
Let u be (-4 - 2)*1/(-2). Suppose -398 = -5*l - u*z + 409, -4 = -z. Let d = l + -109. Calculate the greatest common factor of 20 and d.
10
Let k(v) = v + 45. Let o be k(6). Calculate the greatest common divisor of 34 and o.
17
Let t = 61 + -31. Calculate the greatest common factor of t and 300.
30
Let p = -48 - -235. Calculate the highest common divisor of p and 17.
17
Let t(d) = 2*d**2 + 5*d - 5. Let s be t(2). What is the highest common divisor of s and 39?
13
Let q = -61 - -63. Calculate the highest common divisor of 14 and q.
2
Let j = 49 + 14. Calculate the greatest common factor of j and 9.
9
Let s(h) = -2*h**3 - 4*h**2. Let a(l) = 2*l**3 + 5*l**2. Let k(y) = 5*a(y) + 6*s(y). Let q be k(-2). Calculate the greatest common divisor of q and 140.
20
Let s(d) = d**3 - 8*d**2 - 8*d - 9. Let q be s(9). Suppose -f + 5*f - 28 = q. Let r be -2 - 7/(f/(-18)). What is the greatest common factor of 144 and r?
16
Let j be ((-5)/(-2))/((-1)/(-6)). What is the greatest common divisor of j and 10?
5
Let w(f) = 4*f**2 + f - 2. Let j be w(1). What is the greatest common factor of j and 3?
3
Suppose -2 = 3*w - d, -5*w + 3*w + 2*d - 8 = 0. Calculate the greatest common factor of 4 and w.
1
Suppose -8 = -m + 3*s + 3, -2*s = m - 1. Calculate the greatest common factor of m and 10.
5
Suppose o - 2 = 23. Let x be 2*3 - (-2 - -3). Calculate the highest common factor of o and x.
5
Suppose -5*h - 3*m = -85, -4*h + 2*m = -h - 70. Calculate the greatest common divisor of 180 and h.
20
Let n = -227 - -451. What is the highest common factor of n and 32?
32
Suppose -3*z + 3*f = 6, f + 4*f - 19 = -4*z. Suppose -z = 2*i - 9. Calculate the greatest common divisor of 1 and i.
1
Suppose 5*h + 5*f - 31 = 39, 0 = -3*h + 5*f + 82. Calculate the greatest common factor of 19 and h.
19
Suppose 0 = -4*l - 2*s + 328, l = -0*s - s + 84. Suppose 5*t + 35 = 2*v